{"id":2,"date":"2023-07-05T13:00:08","date_gmt":"2023-07-05T13:00:08","guid":{"rendered":"https:\/\/aeboaagua.org\/erasmusboaagua\/?page_id=2"},"modified":"2025-10-27T15:48:49","modified_gmt":"2025-10-27T15:48:49","slug":"acreditacao","status":"publish","type":"page","link":"https:\/\/aeboaagua.org\/erasmusboaagua\/acreditacao\/","title":{"rendered":"ACREDITA\u00c7\u00c3O"},"content":{"rendered":"\r\n<p><span style=\"font-weight: 400;\">Ap\u00f3s um moroso processo de candidatura no final de 2022, veio meses depois o nosso agrupamento ver\u00a0 a mesma aprovada, e hoje podemos informar que possu\u00edmos o nosso certificado de <\/span><b>Acredita\u00e7\u00e3o Erasmus no dom\u00ednio do Ensino Escolar<\/b><span style=\"font-weight: 400;\">,\u00a0<\/span><b>v\u00e1lido at\u00e9 dezembro de 2027<\/b><span style=\"font-weight: 400;\">.<\/span><\/p>\r\n<p><span style=\"font-weight: 400;\">No setor do ensino escolar, o\u00a0<\/span><b>Programa Erasmus+ Educa\u00e7\u00e3o e Forma\u00e7\u00e3o<\/b><span style=\"font-weight: 400;\">\u00a0visa contribuir para melhorar a qualidade da educa\u00e7\u00e3o e refor\u00e7ar a sua dimens\u00e3o europeia, desde a educa\u00e7\u00e3o pr\u00e9-escolar ao ensino secund\u00e1rio. O Programa visa tamb\u00e9m fortalecer as institui\u00e7\u00f5es que oferecem estes n\u00edveis de ensino, contribuindo para melhorar o n\u00edvel de compet\u00eancias dos intervenientes e agentes da atividade educativa. Os objetivos deste programa focam-se, mais concretamente, na promo\u00e7\u00e3o da mobilidade individual e de grupo para fins de aprendizagem, assim como na coopera\u00e7\u00e3o, qualidade, inclus\u00e3o e equidade, excel\u00eancia, criatividade e inova\u00e7\u00e3o ao n\u00edvel das organiza\u00e7\u00f5es e pol\u00edticas no dom\u00ednio do ensino escolar.<\/span><\/p>\r\n<p><span style=\"font-weight: 400;\">Esta acredita\u00e7\u00e3o trar\u00e1 importantes oportunidades \u00e0 realiza\u00e7\u00e3o de\u00a0<\/span><b>projetos de mobilidade<\/b><span style=\"font-weight: 400;\">\u00a0por parte da comunidade escolar diretamente implicada no ensino escolar, desde o corpo docente e n\u00e3o docente (incluindo t\u00e9cnicos especializados) aos discentes que frequentam o agrupamento, do 1.\u00ba ciclo ao 9.\u00ba ano. Pretende-se que todos possam beneficiar dos projetos a desenvolver, quer pela participa\u00e7\u00e3o direta nas mobilidades, quer atrav\u00e9s de formas de integra\u00e7\u00e3o das atividades de mobilidade na organiza\u00e7\u00e3o do trabalho habitual do agrupamento.<\/span><\/p>\r\n<p><span style=\"font-weight: 400;\">Para o ano de financiamento de junho de 2024 a agosto de 2025, as atividades centrar-se-\u00e3o tanto no pessoal educativo como nos alunos, segundo os crit\u00e9rios definidos.<\/span><\/p>\r\n<p><span style=\"font-weight: 400;\">Todas as atividades a desenvolver dever\u00e3o nortear-se pelos objetivos definidos na candidatura e posteriormente aperfei\u00e7oados com propostas da Ag\u00eancia Nacional.<\/span><\/p>\r\n<p><span style=\"font-weight: 400;\">Estes objetivos, tal como toda a documenta\u00e7\u00e3o e multim\u00e9dia de apoio, bem como <\/span><i><span style=\"font-weight: 400;\">links<\/span><\/i><span style=\"font-weight: 400;\"> para p\u00e1ginas essenciais, est\u00e3o dispon\u00edveis para consulta em separador pr\u00f3prio.<\/span><\/p>\r\n<p><span style=\"font-weight: 400;\">O Programa Erasmus+ \u00e9 uma das hist\u00f3rias de sucesso mais not\u00e1veis da Uni\u00e3o Europeia. Baseia-se nas realiza\u00e7\u00f5es de mais de 30 anos de programas europeus nos dom\u00ednios da educa\u00e7\u00e3o, da forma\u00e7\u00e3o, da juventude e do desporto, abrangendo tanto uma dimens\u00e3o intra-europeia como uma dimens\u00e3o assente em parcerias internacionais.<\/span><\/p>\r\n<p><b>Especialmente por este motivo, e por sabermos como ser\u00e1 enriquecedor para o nosso agrupamento, manifestamos o nosso entusiasmo e orgulho em passar a pertencer a esta grande fam\u00edlia europeia!<\/b><\/p>\r\n<p><span style=\"font-weight: 400;\">A equipa do programa Erasmus+<\/span><\/p>\r\n<p>A equipa do programa Erasmus+<\/p>\r\n<ul>\r\n<li>Nuno Mantas<\/li>\r\n<li>Ana Pereira<\/li>\r\n<\/ul>\r\n<p><img loading=\"lazy\" decoding=\"async\" class=\"alignnone size-medium wp-image-393\" src=\"https:\/\/aeboaagua.org\/erasmusboaagua\/wp-content\/uploads\/2023\/07\/Certificado_2022-1-PT01-KA120-SCH-000109258_signed_page-0001--300x212.jpg\" alt=\"\" width=\"300\" height=\"212\" srcset=\"https:\/\/aeboaagua.org\/erasmusboaagua\/wp-content\/uploads\/2023\/07\/Certificado_2022-1-PT01-KA120-SCH-000109258_signed_page-0001--300x212.jpg 300w, https:\/\/aeboaagua.org\/erasmusboaagua\/wp-content\/uploads\/2023\/07\/Certificado_2022-1-PT01-KA120-SCH-000109258_signed_page-0001--1024x724.jpg 1024w, https:\/\/aeboaagua.org\/erasmusboaagua\/wp-content\/uploads\/2023\/07\/Certificado_2022-1-PT01-KA120-SCH-000109258_signed_page-0001--768x543.jpg 768w, https:\/\/aeboaagua.org\/erasmusboaagua\/wp-content\/uploads\/2023\/07\/Certificado_2022-1-PT01-KA120-SCH-000109258_signed_page-0001--1536x1085.jpg 1536w, https:\/\/aeboaagua.org\/erasmusboaagua\/wp-content\/uploads\/2023\/07\/Certificado_2022-1-PT01-KA120-SCH-000109258_signed_page-0001-.jpg 1755w\" sizes=\"auto, (max-width: 300px) 100vw, 300px\" \/><\/p>\r\n","protected":false},"excerpt":{"rendered":"<p>Ap\u00f3s um moroso processo de candidatura no final de 2022, veio meses depois o nosso agrupamento ver\u00a0 a mesma aprovada, e hoje podemos informar que possu\u00edmos o nosso certificado de Acredita\u00e7\u00e3o Erasmus no dom\u00ednio do Ensino Escolar,\u00a0v\u00e1lido at\u00e9 dezembro de 2027. No setor do ensino escolar, o\u00a0Programa Erasmus+ Educa\u00e7\u00e3o e Forma\u00e7\u00e3o\u00a0visa contribuir para melhorar a &hellip; <\/p>\n<div class=\"link-more\"><a href=\"https:\/\/aeboaagua.org\/erasmusboaagua\/acreditacao\/\" class=\"more-link\">Read More<span class=\"screen-reader-text\"> &#8220;ACREDITA\u00c7\u00c3O&#8221;<\/span><\/a><\/div>\n","protected":false},"author":1,"featured_media":0,"parent":0,"menu_order":0,"comment_status":"closed","ping_status":"open","template":"","meta":{"footnotes":""},"class_list":["post-2","page","type-page","status-publish","hentry"],"_links":{"self":[{"href":"https:\/\/aeboaagua.org\/erasmusboaagua\/wp-json\/wp\/v2\/pages\/2","targetHints":{"allow":["GET"]}}],"collection":[{"href":"https:\/\/aeboaagua.org\/erasmusboaagua\/wp-json\/wp\/v2\/pages"}],"about":[{"href":"https:\/\/aeboaagua.org\/erasmusboaagua\/wp-json\/wp\/v2\/types\/page"}],"author":[{"embeddable":true,"href":"https:\/\/aeboaagua.org\/erasmusboaagua\/wp-json\/wp\/v2\/users\/1"}],"replies":[{"embeddable":true,"href":"https:\/\/aeboaagua.org\/erasmusboaagua\/wp-json\/wp\/v2\/comments?post=2"}],"version-history":[{"count":9,"href":"https:\/\/aeboaagua.org\/erasmusboaagua\/wp-json\/wp\/v2\/pages\/2\/revisions"}],"predecessor-version":[{"id":1222,"href":"https:\/\/aeboaagua.org\/erasmusboaagua\/wp-json\/wp\/v2\/pages\/2\/revisions\/1222"}],"wp:attachment":[{"href":"https:\/\/aeboaagua.org\/erasmusboaagua\/wp-json\/wp\/v2\/media?parent=2"}],"curies":[{"name":"wp","href":"https:\/\/api.w.org\/{rel}","templated":true}]}}