{"id":7593,"date":"2021-11-12T11:23:43","date_gmt":"2021-11-12T11:23:43","guid":{"rendered":"https:\/\/aeboaagua.org\/ebiba\/?page_id=7593"},"modified":"2021-11-12T11:27:42","modified_gmt":"2021-11-12T11:27:42","slug":"danca-renascentista-ars-dance","status":"publish","type":"page","link":"https:\/\/aeboaagua.org\/ebiba\/danca-renascentista-ars-dance\/","title":{"rendered":"Dan\u00e7a de Corte Renascentista Ars Dance"},"content":{"rendered":"\n<p>O Clube de Dan\u00e7a de Corte Renascentista \u00e9 dirigido a todos os alunos do Agrupamento e tem como objetivo a recria\u00e7\u00e3o das dan\u00e7as do report\u00f3rio coreogr\u00e1fico da \u00e9poca renascentista, com base em tratados de dan\u00e7a, aliando trajes e adere\u00e7os usados pela alta sociedade europeia.<\/p>\n\n\n\n<p><\/p>\n\n\n\n<figure class=\"wp-block-image size-large\"><img decoding=\"async\" src=\"https:\/\/aeboaagua.org\/ebiba\/wp-content\/uploads\/2021\/11\/IMG-20190611-WA0028.jpg\" alt=\"\"\/><\/figure>\n","protected":false},"excerpt":{"rendered":"<p>O Clube de Dan\u00e7a de Corte Renascentista \u00e9 dirigido a todos os alunos do Agrupamento e tem como objetivo a recria\u00e7\u00e3o das dan\u00e7as do report\u00f3rio coreogr\u00e1fico da \u00e9poca renascentista, com base em tratados de dan\u00e7a, aliando trajes e adere\u00e7os usados pela alta sociedade europeia.<\/p>\n","protected":false},"author":9,"featured_media":0,"parent":0,"menu_order":0,"comment_status":"closed","ping_status":"closed","template":"","meta":{"footnotes":""},"class_list":["post-7593","page","type-page","status-publish","hentry"],"_links":{"self":[{"href":"https:\/\/aeboaagua.org\/ebiba\/wp-json\/wp\/v2\/pages\/7593","targetHints":{"allow":["GET"]}}],"collection":[{"href":"https:\/\/aeboaagua.org\/ebiba\/wp-json\/wp\/v2\/pages"}],"about":[{"href":"https:\/\/aeboaagua.org\/ebiba\/wp-json\/wp\/v2\/types\/page"}],"author":[{"embeddable":true,"href":"https:\/\/aeboaagua.org\/ebiba\/wp-json\/wp\/v2\/users\/9"}],"replies":[{"embeddable":true,"href":"https:\/\/aeboaagua.org\/ebiba\/wp-json\/wp\/v2\/comments?post=7593"}],"version-history":[{"count":4,"href":"https:\/\/aeboaagua.org\/ebiba\/wp-json\/wp\/v2\/pages\/7593\/revisions"}],"predecessor-version":[{"id":7600,"href":"https:\/\/aeboaagua.org\/ebiba\/wp-json\/wp\/v2\/pages\/7593\/revisions\/7600"}],"wp:attachment":[{"href":"https:\/\/aeboaagua.org\/ebiba\/wp-json\/wp\/v2\/media?parent=7593"}],"curies":[{"name":"wp","href":"https:\/\/api.w.org\/{rel}","templated":true}]}}

Dança de Corte Renascentista Ars Dance

<p>O Clube de Dança de Corte Renascentista é dirigido a todos os alunos do Agrupamento e tem como objetivo a recriação das danças do reportório coreográfico da época renascentista, com base em tratados de dança, aliando trajes e adereços usados pela alta sociedade europeia.</p>



<p></p>



<figure class="wp-block-image size-large"><img decoding="async" src="https://aeboaagua.org/ebiba/wp-content/uploads/2021/11/IMG-20190611-WA0028.jpg" alt=""/></figure>

<p>O Clube de Dança de Corte Renascentista é dirigido a todos os alunos do Agrupamento e tem como objetivo a recriação das danças do reportório coreográfico da época renascentista, com base em tratados de dança, aliando trajes e adereços usados pela alta sociedade europeia.</p>
