{"id":6307,"date":"2019-10-26T18:46:12","date_gmt":"2019-10-26T18:46:12","guid":{"rendered":"http:\/\/aeboaagua.org\/ebiba\/?page_id=6307"},"modified":"2026-01-28T15:02:08","modified_gmt":"2026-01-28T15:02:08","slug":"criterios-de-avaliacao","status":"publish","type":"page","link":"https:\/\/aeboaagua.org\/ebiba\/criterios-de-avaliacao\/","title":{"rendered":"Referencial de avalia\u00e7\u00e3o"},"content":{"rendered":"<p><a href=\"https:\/\/aeboaagua.org\/ebiba\/wp-content\/uploads\/2026\/01\/Refencial_aval_out25_c.pdf\">Referencial de avalia\u00e7\u00e3o atualiza\u00e7\u00e3o de 2025<\/a><\/p>\n","protected":false},"excerpt":{"rendered":"<p>Referencial de avalia\u00e7\u00e3o atualiza\u00e7\u00e3o de 2025<\/p>\n","protected":false},"author":9,"featured_media":0,"parent":0,"menu_order":0,"comment_status":"closed","ping_status":"closed","template":"","meta":{"footnotes":""},"class_list":["post-6307","page","type-page","status-publish","hentry"],"_links":{"self":[{"href":"https:\/\/aeboaagua.org\/ebiba\/wp-json\/wp\/v2\/pages\/6307","targetHints":{"allow":["GET"]}}],"collection":[{"href":"https:\/\/aeboaagua.org\/ebiba\/wp-json\/wp\/v2\/pages"}],"about":[{"href":"https:\/\/aeboaagua.org\/ebiba\/wp-json\/wp\/v2\/types\/page"}],"author":[{"embeddable":true,"href":"https:\/\/aeboaagua.org\/ebiba\/wp-json\/wp\/v2\/users\/9"}],"replies":[{"embeddable":true,"href":"https:\/\/aeboaagua.org\/ebiba\/wp-json\/wp\/v2\/comments?post=6307"}],"version-history":[{"count":7,"href":"https:\/\/aeboaagua.org\/ebiba\/wp-json\/wp\/v2\/pages\/6307\/revisions"}],"predecessor-version":[{"id":9308,"href":"https:\/\/aeboaagua.org\/ebiba\/wp-json\/wp\/v2\/pages\/6307\/revisions\/9308"}],"wp:attachment":[{"href":"https:\/\/aeboaagua.org\/ebiba\/wp-json\/wp\/v2\/media?parent=6307"}],"curies":[{"name":"wp","href":"https:\/\/api.w.org\/{rel}","templated":true}]}}