{"id":5781,"date":"2019-05-01T11:14:08","date_gmt":"2019-05-01T11:14:08","guid":{"rendered":"http:\/\/aeboaagua.org\/ebiba\/?page_id=5781"},"modified":"2025-09-10T12:06:16","modified_gmt":"2025-09-10T12:06:16","slug":"associacoes-de-pais","status":"publish","type":"page","link":"https:\/\/aeboaagua.org\/ebiba\/associacoes-de-pais\/","title":{"rendered":"Associa\u00e7\u00e3o de Pais"},"content":{"rendered":"\n<p><strong>Associa\u00e7\u00e3o de Pais do Agrupamento de Escolas da Boa \u00c1gua &#8211; APAEBA<\/strong><\/p>\n\n\n\n<p>A Associa\u00e7\u00e3o de Pais do Agrupamento de Escolas da Boa \u00c1gua refor\u00e7a a sua total disponibilidade para colaborar com todas as fam\u00edlias no acompanhamento da vida escolar dos nossos filhos e na constru\u00e7\u00e3o de uma comunidade educativa mais ativa e participativa.<\/p>\n\n\n\n<p>Estamos aqui para ouvir, apoiar e representar os interesses de todos os pais e encarregados de educa\u00e7\u00e3o junto da escola.<\/p>\n\n\n\n<p>Para que possamos continuar a desenvolver o nosso trabalho em prol das crian\u00e7as e da comunidade educativa, precisamos do apoio de todos.<\/p>\n\n\n\n<p>Contactos:&nbsp;<a href=\"mailto:associacao.pais@aeboaagua.org\" target=\"_blank\" rel=\"noreferrer noopener\">associacao.pais@aeboaagua.org<\/a><\/p>\n\n\n\n<p><strong>Projetos:<\/strong><\/p>\n\n\n\n<p>\u2022&nbsp;&nbsp;&nbsp;&nbsp;&nbsp;&nbsp;&nbsp;&nbsp;&nbsp;&nbsp;&nbsp;&nbsp; ATL Escola B\u00e1sica da Boa \u00c1gua \u2013 Projeto Saber Mais<\/p>\n\n\n\n<p>O projeto SABER MAIS, uma Academia de Tempos Livres promovida pela EDUGEP, em parceria com a Associa\u00e7\u00e3o de Pais da EB da Boa \u00c1gua.<\/p>\n\n\n\n<p>Formul\u00e1rio Saber + Boa \u00c1gua&nbsp;<a href=\"https:\/\/forms.gle\/Q3VTHg9rFrniXNKq8\" target=\"_blank\" rel=\"noreferrer noopener\">https:\/\/forms.gle\/Q3VTHg9rFrniXNKq8<\/a><\/p>\n\n\n\n<p>\u2022&nbsp;&nbsp;&nbsp;&nbsp;&nbsp;&nbsp;&nbsp;&nbsp;&nbsp;&nbsp;&nbsp;&nbsp; ATL Escola B\u00e1sica da Boa \u00c1gua com Apoio ao Estudo a ser dinamizado por um professor<\/p>\n\n\n\n<p>\u2022\u00a0\u00a0\u00a0\u00a0\u00a0\u00a0\u00a0\u00a0\u00a0\u00a0\u00a0\u00a0 A\u00e7\u00f5es de sensibiliza\u00e7\u00e3o a designar datas (Temas como as depend\u00eancias e profiss\u00f5es)<\/p>\n\n\n\n<p>\u2022&nbsp;&nbsp;&nbsp;&nbsp;&nbsp;&nbsp;&nbsp;&nbsp;&nbsp;&nbsp;&nbsp;&nbsp; Outros projetos e eventos a definir<\/p>\n\n\n\n<p>\u2022&nbsp;&nbsp;&nbsp;&nbsp;&nbsp;&nbsp;&nbsp;&nbsp;&nbsp;&nbsp;&nbsp;&nbsp; Sugest\u00f5es e contatos&nbsp;<a href=\"mailto:associacao.pais@aeboaagua.org\" target=\"_blank\" rel=\"noreferrer noopener\">associacao.pais@aeboaagua.org<\/a><\/p>\n\n\n\n<p><strong>Aluguer do pavilh\u00e3o da escola sede<\/strong><\/p>\n\n\n\n<p>Contactar atrav\u00e9s de&nbsp;<a href=\"mailto:pavilhaoaluguer@aeboaagua.org\" target=\"_blank\" rel=\"noreferrer noopener\">pavilhaoaluguer@aeboaagua.org<\/a><\/p>\n\n\n\n<p><strong>Constitui\u00e7\u00e3o<\/strong><\/p>\n\n\n\n<figure class=\"wp-block-table\"><table class=\"has-fixed-layout\"><tbody><tr><td><strong>Conselho Executivo<\/strong><\/td><td>Nome<\/td><\/tr><tr><td>Presidente<\/td><td>Vera Pereira<\/td><\/tr><tr><td>Vice Presidente<\/td><td>Ana Jorge<\/td><\/tr><tr><td>Secretario<\/td><td>S\u00f3nia Santos<\/td><\/tr><tr><td>Tesoureiro<\/td><td>S\u00e9rgio Xavier<\/td><\/tr><tr><td><strong>Conselho Fiscal<\/strong><\/td><td><\/td><\/tr><tr><td>Presidente&nbsp;<\/td><td>Diogo Migu\u00e9ns<\/td><\/tr><tr><td>1\u00ba Secretario<\/td><td>Sandra Reis<\/td><\/tr><tr><td>2\u00ba Secretario<\/td><td>Maria Jo\u00e3o Pereira&nbsp;<\/td><\/tr><tr><td><strong>Mesa da Assembleia Geral<\/strong><\/td><td><\/td><\/tr><tr><td>Presidente<\/td><td>Carlos Brazinha<\/td><\/tr><tr><td>1\u00ba Secretario<\/td><td>Carla Xavier<\/td><\/tr><tr><td>Suplente<\/td><td>Carlos Albuquerque<\/td><\/tr><\/tbody><\/table><\/figure>\n\n\n\n<p><\/p>\n\n\n\n<p><\/p>\n\n\n\n<p><\/p>\n","protected":false},"excerpt":{"rendered":"<p>Associa\u00e7\u00e3o de Pais do Agrupamento de Escolas da Boa \u00c1gua &#8211; APAEBA A Associa\u00e7\u00e3o de Pais do Agrupamento de Escolas da Boa \u00c1gua refor\u00e7a a sua total disponibilidade para colaborar com todas as fam\u00edlias no acompanhamento da vida escolar dos nossos filhos e na constru\u00e7\u00e3o de uma comunidade educativa mais ativa e participativa. Estamos aqui para ouvir, apoiar e representar<\/p>\n","protected":false},"author":9,"featured_media":0,"parent":0,"menu_order":8,"comment_status":"closed","ping_status":"closed","template":"","meta":{"footnotes":""},"class_list":["post-5781","page","type-page","status-publish","hentry"],"_links":{"self":[{"href":"https:\/\/aeboaagua.org\/ebiba\/wp-json\/wp\/v2\/pages\/5781","targetHints":{"allow":["GET"]}}],"collection":[{"href":"https:\/\/aeboaagua.org\/ebiba\/wp-json\/wp\/v2\/pages"}],"about":[{"href":"https:\/\/aeboaagua.org\/ebiba\/wp-json\/wp\/v2\/types\/page"}],"author":[{"embeddable":true,"href":"https:\/\/aeboaagua.org\/ebiba\/wp-json\/wp\/v2\/users\/9"}],"replies":[{"embeddable":true,"href":"https:\/\/aeboaagua.org\/ebiba\/wp-json\/wp\/v2\/comments?post=5781"}],"version-history":[{"count":11,"href":"https:\/\/aeboaagua.org\/ebiba\/wp-json\/wp\/v2\/pages\/5781\/revisions"}],"predecessor-version":[{"id":9205,"href":"https:\/\/aeboaagua.org\/ebiba\/wp-json\/wp\/v2\/pages\/5781\/revisions\/9205"}],"wp:attachment":[{"href":"https:\/\/aeboaagua.org\/ebiba\/wp-json\/wp\/v2\/media?parent=5781"}],"curies":[{"name":"wp","href":"https:\/\/api.w.org\/{rel}","templated":true}]}}

Associação de Pais

<p><strong>Associação de Pais do Agrupamento de Escolas da Boa Água &#8211; APAEBA</strong></p>



<p>A Associação de Pais do Agrupamento de Escolas da Boa Água reforça a sua total disponibilidade para colaborar com todas as famílias no acompanhamento da vida escolar dos nossos filhos e na construção de uma comunidade educativa mais ativa e participativa.</p>



<p>Estamos aqui para ouvir, apoiar e representar os interesses de todos os pais e encarregados de educação junto da escola.</p>



<p>Para que possamos continuar a desenvolver o nosso trabalho em prol das crianças e da comunidade educativa, precisamos do apoio de todos.</p>



<p>Contactos:&nbsp;<a href="mailto:associacao.pais@aeboaagua.org" target="_blank" rel="noreferrer noopener">associacao.pais@aeboaagua.org</a></p>



<p><strong>Projetos:</strong></p>



<p>•&nbsp;&nbsp;&nbsp;&nbsp;&nbsp;&nbsp;&nbsp;&nbsp;&nbsp;&nbsp;&nbsp;&nbsp; ATL Escola Básica da Boa Água – Projeto Saber Mais</p>



<p>O projeto SABER MAIS, uma Academia de Tempos Livres promovida pela EDUGEP, em parceria com a Associação de Pais da EB da Boa Água.</p>



<p>Formulário Saber + Boa Água&nbsp;<a href="https://forms.gle/Q3VTHg9rFrniXNKq8" target="_blank" rel="noreferrer noopener">https://forms.gle/Q3VTHg9rFrniXNKq8</a></p>



<p>•&nbsp;&nbsp;&nbsp;&nbsp;&nbsp;&nbsp;&nbsp;&nbsp;&nbsp;&nbsp;&nbsp;&nbsp; ATL Escola Básica da Boa Água com Apoio ao Estudo a ser dinamizado por um professor</p>



<p>•             Ações de sensibilização a designar datas (Temas como as dependências e profissões)</p>



<p>•&nbsp;&nbsp;&nbsp;&nbsp;&nbsp;&nbsp;&nbsp;&nbsp;&nbsp;&nbsp;&nbsp;&nbsp; Outros projetos e eventos a definir</p>



<p>•&nbsp;&nbsp;&nbsp;&nbsp;&nbsp;&nbsp;&nbsp;&nbsp;&nbsp;&nbsp;&nbsp;&nbsp; Sugestões e contatos&nbsp;<a href="mailto:associacao.pais@aeboaagua.org" target="_blank" rel="noreferrer noopener">associacao.pais@aeboaagua.org</a></p>



<p><strong>Aluguer do pavilhão da escola sede</strong></p>



<p>Contactar através de&nbsp;<a href="mailto:pavilhaoaluguer@aeboaagua.org" target="_blank" rel="noreferrer noopener">pavilhaoaluguer@aeboaagua.org</a></p>



<p><strong>Constituição</strong></p>



<figure class="wp-block-table"><table class="has-fixed-layout"><tbody><tr><td><strong>Conselho Executivo</strong></td><td>Nome</td></tr><tr><td>Presidente</td><td>Vera Pereira</td></tr><tr><td>Vice Presidente</td><td>Ana Jorge</td></tr><tr><td>Secretario</td><td>Sónia Santos</td></tr><tr><td>Tesoureiro</td><td>Sérgio Xavier</td></tr><tr><td><strong>Conselho Fiscal</strong></td><td></td></tr><tr><td>Presidente&nbsp;</td><td>Diogo Miguéns</td></tr><tr><td>1º Secretario</td><td>Sandra Reis</td></tr><tr><td>2º Secretario</td><td>Maria João Pereira&nbsp;</td></tr><tr><td><strong>Mesa da Assembleia Geral</strong></td><td></td></tr><tr><td>Presidente</td><td>Carlos Brazinha</td></tr><tr><td>1º Secretario</td><td>Carla Xavier</td></tr><tr><td>Suplente</td><td>Carlos Albuquerque</td></tr></tbody></table></figure>



<p></p>



<p></p>



<p></p>

<p>Associação de Pais do Agrupamento de Escolas da Boa Água &#8211; APAEBA A Associação de Pais do Agrupamento de Escolas da Boa Água reforça a sua total disponibilidade para colaborar com todas as famílias no acompanhamento da vida escolar dos nossos filhos e na construção de uma comunidade educativa mais ativa e participativa. Estamos aqui para ouvir, apoiar e representar</p>
