{"id":5662,"date":"2019-04-29T12:08:49","date_gmt":"2019-04-29T12:08:49","guid":{"rendered":"http:\/\/aeboaagua.org\/ebiba\/?page_id=5662"},"modified":"2023-11-08T18:36:23","modified_gmt":"2023-11-08T18:36:23","slug":"orquestra-geracao","status":"publish","type":"page","link":"https:\/\/aeboaagua.org\/ebiba\/projetos\/orquestra-geracao\/","title":{"rendered":"Orquestra Gera\u00e7\u00e3o"},"content":{"rendered":"<p><img loading=\"lazy\" decoding=\"async\" class=\"aligncenter\" src=\"http:\/\/aeboaagua.org\/ebiba\/wp-content\/uploads\/2017\/10\/orquestrageracao_2.jpg\" width=\"395\" height=\"258\" \/><a style=\"font-size: 0.95em;\" href=\"http:\/\/orquestra.geracao.aml.pt\/\">Orquestra Gera\u00e7\u00e3o &lt;<\/a><\/p>\n<p><a href=\"https:\/\/youtu.be\/TZQVIiFQhCQ?feature=shared\">Orquestra Gera\u00e7\u00e3o &#8211; Inicia\u00e7\u00e3o &#8211; Concerto da Primavera &#8211; 2023<\/a><\/p>\n<p><a href=\"https:\/\/www.facebook.com\/aeboaagua\/videos\/1208819106178804\">Orquestra Gera\u00e7\u00e3o Juvenil &#8211; Natal 2020<\/a><\/p>\n<p><a href=\"https:\/\/www.facebook.com\/aeboaagua\/videos\/953224961875519\">Orquestra Gera\u00e7\u00e3o &#8211; Classe de Clarinetes &#8211; Natal 2020<\/a><\/p>\n<p><a href=\"https:\/\/www.facebook.com\/aeboaagua\/videos\/1034817833686147\">Orquestra Gera\u00e7\u00e3o Infantil &#8211; Natal 2020<\/a><\/p>\n<p><a href=\"https:\/\/www.facebook.com\/aeboaagua\/videos\/192702429166006\">Orquestra de Inicia\u00e7\u00e3o B &#8211; Natal 2020<\/a><\/p>\n<p><a href=\"https:\/\/www.facebook.com\/aeboaagua\/videos\/310595016867927\">Orquestra de Inicia\u00e7\u00e3o A e B &#8211; Natal 2020<\/a><\/p>\n\n\n<figure class=\"wp-block-embed is-type-video is-provider-youtube wp-block-embed-youtube wp-embed-aspect-16-9 wp-has-aspect-ratio\"><div class=\"wp-block-embed__wrapper\">\n<iframe loading=\"lazy\" title=\"Orquestra Gera\u00e7\u00e3o &quot;Minuetto Septeto&quot;\" width=\"860\" height=\"484\" src=\"https:\/\/www.youtube.com\/embed\/Z0kH4EXTiGw?feature=oembed\" frameborder=\"0\" allow=\"accelerometer; autoplay; clipboard-write; encrypted-media; gyroscope; picture-in-picture; web-share\" allowfullscreen><\/iframe>\n<\/div><\/figure>\n\n\n\n<figure class=\"wp-block-embed is-type-video is-provider-youtube wp-block-embed-youtube wp-embed-aspect-16-9 wp-has-aspect-ratio\"><div class=\"wp-block-embed__wrapper\">\n<iframe loading=\"lazy\" title=\"Orquestra Gera\u00e7\u00e3o da Boa \u00c1gua\" width=\"860\" height=\"484\" src=\"https:\/\/www.youtube.com\/embed\/mmAA5ZWoP60?feature=oembed\" frameborder=\"0\" allow=\"accelerometer; autoplay; clipboard-write; encrypted-media; gyroscope; picture-in-picture; web-share\" allowfullscreen><\/iframe>\n<\/div><\/figure>\n","protected":false},"excerpt":{"rendered":"<p>Orquestra Gera\u00e7\u00e3o &lt; Orquestra Gera\u00e7\u00e3o &#8211; Inicia\u00e7\u00e3o &#8211; Concerto da Primavera &#8211; 2023 Orquestra Gera\u00e7\u00e3o Juvenil &#8211; Natal 2020 Orquestra Gera\u00e7\u00e3o &#8211; Classe de Clarinetes &#8211; Natal 2020 Orquestra Gera\u00e7\u00e3o Infantil &#8211; Natal 2020 Orquestra de Inicia\u00e7\u00e3o B &#8211; Natal 2020 Orquestra de Inicia\u00e7\u00e3o A e B &#8211; Natal 2020<\/p>\n","protected":false},"author":9,"featured_media":0,"parent":5308,"menu_order":5,"comment_status":"closed","ping_status":"closed","template":"","meta":{"footnotes":""},"class_list":["post-5662","page","type-page","status-publish","hentry"],"_links":{"self":[{"href":"https:\/\/aeboaagua.org\/ebiba\/wp-json\/wp\/v2\/pages\/5662","targetHints":{"allow":["GET"]}}],"collection":[{"href":"https:\/\/aeboaagua.org\/ebiba\/wp-json\/wp\/v2\/pages"}],"about":[{"href":"https:\/\/aeboaagua.org\/ebiba\/wp-json\/wp\/v2\/types\/page"}],"author":[{"embeddable":true,"href":"https:\/\/aeboaagua.org\/ebiba\/wp-json\/wp\/v2\/users\/9"}],"replies":[{"embeddable":true,"href":"https:\/\/aeboaagua.org\/ebiba\/wp-json\/wp\/v2\/comments?post=5662"}],"version-history":[{"count":12,"href":"https:\/\/aeboaagua.org\/ebiba\/wp-json\/wp\/v2\/pages\/5662\/revisions"}],"predecessor-version":[{"id":8560,"href":"https:\/\/aeboaagua.org\/ebiba\/wp-json\/wp\/v2\/pages\/5662\/revisions\/8560"}],"up":[{"embeddable":true,"href":"https:\/\/aeboaagua.org\/ebiba\/wp-json\/wp\/v2\/pages\/5308"}],"wp:attachment":[{"href":"https:\/\/aeboaagua.org\/ebiba\/wp-json\/wp\/v2\/media?parent=5662"}],"curies":[{"name":"wp","href":"https:\/\/api.w.org\/{rel}","templated":true}]}}