{"id":5342,"date":"2018-10-07T21:55:42","date_gmt":"2018-10-07T21:55:42","guid":{"rendered":"http:\/\/aeboaagua.org\/ebiba\/?page_id=5342"},"modified":"2020-04-05T15:05:38","modified_gmt":"2020-04-05T15:05:38","slug":"agrupamento-2","status":"publish","type":"page","link":"https:\/\/aeboaagua.org\/ebiba\/agrupamento-2\/","title":{"rendered":"Agrupamento"},"content":{"rendered":"<p><a href=\"http:\/\/aeboaagua.org\/ebiba\/wp-content\/uploads\/2019\/05\/agrup4.jpeg\"><img loading=\"lazy\" decoding=\"async\" class=\"wp-image-5844 alignright\" src=\"http:\/\/aeboaagua.org\/ebiba\/wp-content\/uploads\/2019\/05\/agrup4-300x151.jpeg\" alt=\"\" width=\"356\" height=\"179\" srcset=\"https:\/\/aeboaagua.org\/ebiba\/wp-content\/uploads\/2019\/05\/agrup4-300x151.jpeg 300w, https:\/\/aeboaagua.org\/ebiba\/wp-content\/uploads\/2019\/05\/agrup4-768x386.jpeg 768w, https:\/\/aeboaagua.org\/ebiba\/wp-content\/uploads\/2019\/05\/agrup4.jpeg 997w\" sizes=\"auto, (max-width: 356px) 100vw, 356px\" \/><\/a><\/p>\n<ul>\n<li><a href=\"http:\/\/aeboaagua.org\/ebiba\/agrupamento-2\/sobre-nos\/\">Sobre n\u00f3s<\/a><\/li>\n<\/ul>\n<p>&nbsp;<\/p>\n<ul>\n<li>\u00d3rg\u00e3os de gest\u00e3o:\n<ul>\n<li><a href=\"http:\/\/aeboaagua.org\/ebiba\/agrupamento-2\/orgaos-de-gestao\/conselho-geral\/\">Conselho Geral<\/a><\/li>\n<li><a href=\"http:\/\/aeboaagua.org\/ebiba\/agrupamento-2\/orgaos-de-gestao\/direcao\/\">Dire\u00e7\u00e3o e coordenadoras de estabelecimento<\/a><\/li>\n<li><a href=\"http:\/\/aeboaagua.org\/ebiba\/agrupamento-2\/orgaos-de-gestao\/conselho-pedagogico\/\">Conselho Pedag\u00f3gico<\/a><\/li>\n<\/ul>\n<\/li>\n<\/ul>\n<p>&nbsp;<\/p>\n<ul>\n<li><a href=\"http:\/\/aeboaagua.org\/ebiba\/parcerias\/\">Parcerias<\/a><\/li>\n<li><a href=\"http:\/\/aeboaagua.org\/ebiba\/agrupamento-2\/sapo-campus-aeba\/\">Sapo Campus do Agrupamento (Campus by Altice)<\/a><\/li>\n<\/ul>\n","protected":false},"excerpt":{"rendered":"<p>Sobre n\u00f3s &nbsp; \u00d3rg\u00e3os de gest\u00e3o: Conselho Geral Dire\u00e7\u00e3o e coordenadoras de estabelecimento Conselho Pedag\u00f3gico &nbsp; Parcerias Sapo Campus do Agrupamento (Campus by Altice)<\/p>\n","protected":false},"author":9,"featured_media":0,"parent":0,"menu_order":2,"comment_status":"closed","ping_status":"closed","template":"","meta":{"footnotes":""},"class_list":["post-5342","page","type-page","status-publish","hentry"],"_links":{"self":[{"href":"https:\/\/aeboaagua.org\/ebiba\/wp-json\/wp\/v2\/pages\/5342","targetHints":{"allow":["GET"]}}],"collection":[{"href":"https:\/\/aeboaagua.org\/ebiba\/wp-json\/wp\/v2\/pages"}],"about":[{"href":"https:\/\/aeboaagua.org\/ebiba\/wp-json\/wp\/v2\/types\/page"}],"author":[{"embeddable":true,"href":"https:\/\/aeboaagua.org\/ebiba\/wp-json\/wp\/v2\/users\/9"}],"replies":[{"embeddable":true,"href":"https:\/\/aeboaagua.org\/ebiba\/wp-json\/wp\/v2\/comments?post=5342"}],"version-history":[{"count":9,"href":"https:\/\/aeboaagua.org\/ebiba\/wp-json\/wp\/v2\/pages\/5342\/revisions"}],"predecessor-version":[{"id":6507,"href":"https:\/\/aeboaagua.org\/ebiba\/wp-json\/wp\/v2\/pages\/5342\/revisions\/6507"}],"wp:attachment":[{"href":"https:\/\/aeboaagua.org\/ebiba\/wp-json\/wp\/v2\/media?parent=5342"}],"curies":[{"name":"wp","href":"https:\/\/api.w.org\/{rel}","templated":true}]}}