{"id":62,"date":"2025-11-21T19:53:10","date_gmt":"2025-11-21T19:53:10","guid":{"rendered":"https:\/\/aeboaagua.org\/PNAPCE-BoaAgua\/services\/"},"modified":"2026-04-24T21:49:14","modified_gmt":"2026-04-24T21:49:14","slug":"acoes","status":"publish","type":"page","link":"https:\/\/aeboaagua.org\/PNAPCE-BoaAgua\/acoes\/","title":{"rendered":"A\u00e7\u00f5es"},"content":{"rendered":"\n\n\n\n\n<p>Promovemos a diversidade cultural em todas as nossas atividades.<\/p>\n\n\n\n\n\n<p>Oferecemos solu\u00e7\u00f5es inovadoras que transformam a educa\u00e7\u00e3o tradicional.<\/p>\n\n\n\n\n\n<p>Envolvemos a comunidade em todas as etapas dos nossos projetos.<\/p>\n\n\n\n\n\n<p>Fomentamos uma abordagem multidisciplinar que enriquece o aprendizado dos alunos.<\/p>\n\n\n\n\n\n\n\n<h2>Formul\u00e1rio de Contato<\/h2>\n\n\n\n\n\n\n\n\n\n\n\n\n\n\n\n\n\n\n\n\n\n\n\n\n\n\n\n<h2>Participe do nosso Projeto<\/h2>\n\n\n\n<h4>Junte-se a N\u00f3s<\/h4>\n\n\n\n\n\nVenha descobrir como podemos transformar juntos a educa\u00e7\u00e3o atrav\u00e9s da arte.\n\n\n\n\n\n\n\n<p>Atividades de artes visuais e perform\u00e1ticas que inspiram nossos alunos.<\/p>\n\n\n\n<p>Atividades musicais para todos os gostos e idades.<\/p>\n\n\n\n\n\n<p>Participe dos nossos eventos que celebram a diversidade e a cultura local.<\/p>\n\n\n\n<p>Descubra as experi\u00eancias enriquecedoras de nossos interc\u00e2mbios.<\/p>\n\n\n\n\n\n\n\n<h2>Nossos Projetos<\/h2>\n\n\n\n\n\n\n\n<p>Oferecemos atividades de educa\u00e7\u00e3o art\u00edstica que estimulam a criatividade e o pensamento cr\u00edtico entre os alunos.<\/p>\n\n\n\n\n\n<p>Um espa\u00e7o dedicado \u00e0 leitura e \u00e0 express\u00e3o liter\u00e1ria, promovendo o amor pelos livros e a escrita.<\/p>\n\n\n\n\n\n<p>Desenvolvemos oficinas de teatro que incentivam a autoexpress\u00e3o e o trabalho em equipe de forma divertida e impactante.<\/p>\n\n\n\n\n\n<p>Oferecemos um espa\u00e7o para a pr\u00e1tica musical, promovendo o aprendizado e a aprecia\u00e7\u00e3o de diferentes estilos musicais.<\/p>\n\n\n\n\n\n<p>Criamos oportunidades de interc\u00e2mbio cultural, permitindo que nossos alunos explorem e compartilhem experi\u00eancias com outras comunidades.<\/p>\n\n\n\n\n\n<p>Realizamos eventos que integram a comunidade escolar com a local, fortalecendo la\u00e7os e promovendo a cultura coletiva.<\/p>\n\n\n\n\n\n<p>Projetos que conectam arte e natureza, proporcionando experi\u00eancias \u00fanicas de aprendizado e descoberta.<\/p>\n\n\n\n\n\n<p>Promovemos a inclus\u00e3o social atrav\u00e9s da arte, oferecendo espa\u00e7o e oportunidades para todos os alunos.<\/p>\n\n\n\n\n","protected":false},"excerpt":{"rendered":"","protected":false},"author":1,"featured_media":0,"parent":0,"menu_order":0,"comment_status":"closed","ping_status":"closed","template":"","meta":{"pagelayer_contact_templates":[],"_pagelayer_content":"","footnotes":""},"class_list":["post-62","page","type-page","status-publish","hentry"],"_links":{"self":[{"href":"https:\/\/aeboaagua.org\/PNAPCE-BoaAgua\/wp-json\/wp\/v2\/pages\/62","targetHints":{"allow":["GET"]}}],"collection":[{"href":"https:\/\/aeboaagua.org\/PNAPCE-BoaAgua\/wp-json\/wp\/v2\/pages"}],"about":[{"href":"https:\/\/aeboaagua.org\/PNAPCE-BoaAgua\/wp-json\/wp\/v2\/types\/page"}],"author":[{"embeddable":true,"href":"https:\/\/aeboaagua.org\/PNAPCE-BoaAgua\/wp-json\/wp\/v2\/users\/1"}],"replies":[{"embeddable":true,"href":"https:\/\/aeboaagua.org\/PNAPCE-BoaAgua\/wp-json\/wp\/v2\/comments?post=62"}],"version-history":[{"count":1,"href":"https:\/\/aeboaagua.org\/PNAPCE-BoaAgua\/wp-json\/wp\/v2\/pages\/62\/revisions"}],"predecessor-version":[{"id":133,"href":"https:\/\/aeboaagua.org\/PNAPCE-BoaAgua\/wp-json\/wp\/v2\/pages\/62\/revisions\/133"}],"wp:attachment":[{"href":"https:\/\/aeboaagua.org\/PNAPCE-BoaAgua\/wp-json\/wp\/v2\/media?parent=62"}],"curies":[{"name":"wp","href":"https:\/\/api.w.org\/{rel}","templated":true}]}}